9629958.
2, 7, 467, 7591
List the prime factors of 1795614729.
3, 598538243
List the prime factors of 965538939.
3, 37, 8698549
What are the prime factors of 27688226?
2, 13844113
What are the prime factors of 98258329?
13, 19, 397807
What are the prime factors of 3598568814?
2, 3, 4073, 147253
What are the prime factors of 19153736?
2, 7, 211, 1621
What are the prime factors of 146491637?
146491637
List the prime factors of 6279300.
2, 3, 5, 6977
What are the prime factors of 9718517901?
3, 127, 25507921
List the prime factors of 411771323.
23, 41, 353, 1237
List the prime factors of 42815711.
42815711
List the prime factors of 213114212.
2, 31, 1718663
List the prime factors of 86263894.
2, 47, 277, 3313
What are the prime factors of 230741995?
5, 11, 4195309
What are the prime factors of 156697797?
3, 2521, 20719
List the prime factors of 199389628.
2, 49847407
List the prime factors of 1722764439.
3, 11, 113, 153997
List the prime factors of 127465103.
23, 1913, 2897
What are the prime factors of 836426236?
2, 29, 419, 17209
What are the prime factors of 432612468?
2, 3, 199, 20129
List the prime factors of 136541384.
2, 7, 2438239
What are the prime factors of 2545215?
3, 5, 169681
What are the prime factors of 3868242946?
2, 19, 101795867
List the prime factors of 2139358120.
2, 5, 853, 62701
List the prime factors of 1359456912.
2, 3, 11, 523, 547
What are the prime factors of 79522837?
293, 271409
What are the prime factors of 15007344?
2, 3, 11, 43, 661
What are the prime factors of 211886772?
2, 3, 379, 46589
What are the prime factors of 723673097?
7, 67, 1543013
List the prime factors of 540018040.
2, 5, 13500451
What are the prime factors of 5813895101?
7, 19, 43713497
What are the prime factors of 860479208?
2, 17, 1579, 4007
List the prime factors of 148046533.
148046533
What are the prime factors of 331654389?
3, 11, 10050133
List the prime factors of 33931880.
2, 5, 848297
List the prime factors of 32943358.
2, 7, 59, 39883
What are the prime factors of 116506297?
41, 59, 48163
List the prime factors of 15321320.
2, 5, 7, 7817
What are the prime factors of 105867724?
2, 26466931
List the prime factors of 43779959.
109, 401651
List the prime factors of 333899351.
919, 363329
What are the prime factors of 891065534?
2, 19, 181, 129553
List the prime factors of 3151743.
3, 7, 150083
What are the prime factors of 115613376?
2, 3, 602153
List the prime factors of 681810979.
681810979
What are the prime factors of 1319959488?
2, 3, 19, 53, 6827
What are the prime factors of 4627662576?
2, 3, 127, 759131
List the prime factors of 161172487.
7, 23024641
What are the prime factors of 9367379832?
2, 3, 23, 16969891
What are the prime factors of 1713093511?
31, 1741, 31741
What are the prime factors of 191424411?
3, 19, 31, 12037
List the prime factors of 188281423.
11, 17116493
What are the prime factors of 6174319817?
31, 1291, 154277
What are the prime factors of 214751850?
2, 3, 5, 41, 34919
What are the prime factors of 1824763780?
2, 5, 7, 37, 352271
What are the prime factors of 787637396?
2, 7, 13, 191, 11329
List the prime factors of 2029474401.
3, 131, 367, 14071
What are the prime factors of 1012218985?
5, 719, 281563
List the prime factors of 39715459.
7, 5673637
What are the prime factors of 282082875?
3, 5, 127, 5923
List the prime factors of 506698604.
2, 126674651
List the prime factors of 56340827.
47, 89, 13469
List the prime factors of 45476420.
2, 5, 11, 421, 491
List the prime factors of 19854301.
19854301
What are the prime factors of 3863341293?
3, 7, 113, 487, 3343
List the prime factors of 2953046909.
67, 2503, 17609
What are the prime factors of 127309166?
2, 109, 397, 1471
List the prime factors of 3196230187.
59, 173, 487, 643
What are the prime factors of 134484383?
11, 12225853
What are the prime factors of 132322809?
3, 1523, 28961
What are the prime factors of 39519611?
17, 2324683
What are the prime factors of 23799689?
107, 347, 641
What are the prime factors of 78842810?
2, 5, 1439, 5479
What are the prime factors of 198683464?
2, 7, 31, 193, 593
What are the prime factors of 2675188540?
2, 5, 133759427
List the prime factors of 134033541.
3, 44677847
List the prime factors of 29780212.
2, 7, 11, 31, 3119
What are the prime factors of 1806213462?
2, 3, 149, 179, 11287
What are the prime factors of 50781180?
2, 3, 5, 846353
What are the prime factors of 11003772?
2, 3, 13, 70537
What are the prime factors of 146736069?
3, 19, 2574317
What are the prime factors of 587167010?
2, 5, 58716701
List the prime factors of 2571082682.
2, 7, 53, 3465071
What are the prime factors of 4259449985?
5, 7, 163, 281, 2657
What are the prime factors of 383034211?
7, 269, 203417
List the prime factors of 164389366.
2, 2671, 30773
List the prime factors of 5135577677.
43, 199, 383, 1567
List the prime factors of 47459474.
2, 23729737
What are the prime factors of 108843859?
2039, 53381
List the prime factors of 213226529.
17, 12542737
List the prime factors of 36582865.
5, 11, 41, 16223
List the prime factors of 88471532.
2, 22117883
What are the prime factors of 773321291?
773321291
List the prime factors of 20735628.
2, 3, 1727969
What are the prime factors of 76405880?
2, 5, 1910147
What are the prime factors of 2755004269?
127, 21692947
What are the prime factors of 695385218?
2, 11, 19, 71, 23431
List the prime factors of 72255429.
3, 2676127
List the prime factors of 117137803.
17, 79, 87221
What are the prime factors of 227386993?
23, 1193, 8287
List the prime factors of 78041612.
2, 11, 383, 421
List the prime factors of 1281718051.
197, 6506183
What are the prime factors of 393895302?
2, 3, 65649217
What are the prime factors of 220143721?
7, 2003, 2243
What are the prime factors of 177437369?
1123, 158003
What are the prime factors of 15003026?
2, 7501513
List the prime factors of 164959863.
3, 2729, 20149
List the prime factors of 2017500748.
2, 3361, 150067
What are the prime factors of 835462007?
43, 59, 127, 2593
List the prime factors of 60926193.
3, 373, 18149
What are the prime factors of 845371309?
127, 761, 8747
List the prime factors of 421260408.
2, 3, 17, 344167
List the prime factors of 2763626.
2, 19, 72727
List the prime factors of 102467548.
2, 25616887
List the prime factors of 1239857071.
83, 14938037
What are the prime factors of 2909772?
2, 3, 131, 617
List the prime factors of 27664320.
2, 3, 5, 28817
What are the prime factors of 232730228?
2, 58182557
What are the prime factors of 41254019?
17, 23, 105509
List the prime factors of 3069141324.
2, 3, 255761777
List the prime factors of 48317491.
101, 478391
What are the prime factors of 415707951?
3, 1259, 110063
What are the prime factors of 5782707044?
2, 1445676761
What are the prime factors of 20354281?
20354281
List the prime factors of 96994342.
2, 48497171
What are the prime factors of 609338419?
659, 924641
List the prime factors of 460794338.
2, 113, 607, 3359
List the prime factors of 2175479484.
2, 3, 181289957
List the prime factors of 2473755189.
3, 824585063
List the prime factors of 1384389349.
7, 197769907
List the prime factors of 12733574.
2, 7, 909541
What are the prime factors of 2287508603?
29, 211, 373837
What are the prime factors of 308213883?
3, 991, 11519
What are the prime factors of 4740305487?
3, 41, 4409, 8741
List the prime factors of 126791081.
397, 521, 613
What are the prime factors of 4764132?
2, 3, 59, 2243
What are the prime factors of 43183400?
2, 5, 13, 17, 977
List the prime factors of 360007166.
2, 180003583
What are the prime factors of 725944867?
211, 1427, 2411
What are the prime factors of 23565872?
2, 11, 257, 521
List the prime factors of 286195639.
286195639
List the prime factors of 1269122339.
43, 29514473
What are the prime factors of 2921707413?
3, 4463, 72739
List the prime factors of 41203753.
127, 324439
List the prime factors of 6069015.
3, 5, 134867
List the prime factors of 295780527.
3, 7, 1151, 4079
What are the prime factors of 2227817885?
5, 12983, 34319
What are the prime factors of 40910785?
5, 8182157
What are the prime factors of 180636063?
3, 60212021
What are the prime factors of 921588795?
3, 5, 20479751
What are the prime factors of 24544266?
2, 3, 23, 29, 6133
List the